(2)?
4
Let b(k) = -2*k**2 - 22*k + 11. Suppose 4*d = -6 + 2, m - 3*d + 7 = 0. Let c be b(m). Suppose 0 = -4*n + c + 33. What is the units digit of n?
6
Let p be ((-156)/(-15))/((-23)/(-115)). Suppose 44051 = p*m - 21*m. What is the thousands digit of m?
1
What is the hundreds digit of (-4)/(1021131/(-3742695) - (-3)/11)?
8
Let u = 11997 + 783. What is the thousands digit of u?
2
Let g(u) = -25*u + 229. Let w be g(9). Suppose 4*a = v - 894, 5*v - w*a + 3556 = 9*v. What is the tens digit of v?
9
Let r(h) = 4*h**3 - 14*h**2 + 28*h + 57. Let f(l) = 3*l**3 - 15*l**2 + 28*l + 57. Let s(g) = -5*f(g) + 4*r(g). What is the tens digit of s(-17)?
9
Let x be (-15)/(-1 - -4) + 14. Suppose -x*n = -26 + 8. Suppose -2*h - 1535 = -7*h - 5*g, -h = -n*g - 304. What is the hundreds digit of h?
3
Let v(l) = -7*l + 58. Let o be v(9). Let r(z) = z + 9. Let d be r(o). Suppose -d*h + 689 = 101. What is the hundreds digit of h?
1
Suppose 7*p = -847 - 623. Let y = p - -442. What is the tens digit of y?
3
Suppose 2*q = -0*o + 5*o - 17, -3*q = -3*o + 12. Suppose o*t = -8*w + 7*w + 1326, 4*w - 874 = -2*t. What is the hundreds digit of t?
4
Suppose 23*g = -39*g - 87540 + 517200. What is the units digit of g?
0
Let h = 32 + -56. What is the tens digit of (h/(-20))/(-3*(-4)/7240)?
2
Suppose 0 = -11495*f + 11519*f - 1035816. What is the ten thousands digit of f?
4
Suppose -4*u - 16 = 12. Let d be (4 - 6)/(-3 + u/(-3)). Suppose -3*o = -2*j + 182, d*j + 448 = 8*j - 4*o. What is the units digit of j?
8
Suppose 2*f - 6075 = -5*s + 3957, 5*s = -f + 10036. What is the tens digit of s?
0
Suppose 5*q = -30*q + 175. Suppose m = -q*m + 3636. What is the units digit of m?
6
Suppose 4*j = 9*j - 5, r + 5*j = 326. Let a = 58 + r. What is the hundreds digit of a?
3
Suppose 3*q - 12*g + 9*g - 3612 = 0, 6028 = 5*q - g. What is the units digit of q + ((-9)/9 - -8)?
3
Let j(p) = 84*p**2 - 24*p - 84. What is the hundreds digit of j(-5)?
1
Let i(y) = -y**3 - 7*y**2 - 6*y + 2. Let f be i(-6). Let q(j) = j**2 + 2472 - j - 2*j**2 - 2463 - j**3 + 13*j**f. What is the units digit of q(7)?
7
Let n(o) = -16*o**2 - 2*o - 1. Let k be n(-3). Suppose -2*u = -243 - 265. Let s = k + u. What is the units digit of s?
5
Let p(o) = o + 45 - 16 - 16 - 14*o**3. What is the tens digit of p(-3)?
8
What is the ten thousands digit of ((-4)/5)/4 - 7969132/(-460)?
1
Suppose 4*g - 2*w = 1036, 23*w + 1292 = 5*g + 21*w. Suppose -2*h - 2*i - 3*i = 109, -3*h + 5*i - 226 = 0. Let j = h + g. What is the units digit of j?
9
Let w(l) = 141*l**2 + 5*l - 1. Let a = 361 - 364. What is the tens digit of w(a)?
5
Suppose 324146 + 548398 = 122*s. What is the thousands digit of s?
7
Let t(b) = 639 + 2*b**2 - 15*b - 8*b - 654. What is the tens digit of t(22)?
4
Let s(x) = -x**3 - 10*x**2 + 21 + 2*x**2 + x - 6*x**2 - 8*x**2. Let b be s(-22). Let i(r) = 57*r**2 - r + 2. What is the tens digit of i(b)?
6
Let p = 42 + -40. Suppose -24 = -4*t + 2*k, -t + 25 = p*t - 5*k. Suppose 5*d = -4*x + 6*x + 268, -32 = -d - t*x. What is the units digit of d?
2
Let n = 468 + -466. Suppose -n*l = -2*x + 2846, 5*l + 2047 = 2*x - 808. What is the thousands digit of x?
1
Let s = 2306 - -19662. What is the tens digit of s?
6
Suppose 3*p - 531 = -3*z, z - 4*p + 8*p = 174. Let k = 382 - z. What is the tens digit of k?
0
Let l(k) = 100*k**2 - 20*k - 30. Let n be l(-4). Suppose 0 = -3*u - 3*w + n, 0 = -3*u - 0*u - 2*w + 1650. What is the tens digit of u?
5
Suppose -10*c - 172 + 182 = 0. What is the hundreds digit of (-183*3/9)/(c/(-17))?
0
Let g = 62084 + 14362. What is the units digit of g?
6
Suppose -488593 - 516807 = -51*f - 34717. What is the hundreds digit of f?
0
Let k = -10009 + 19402. What is the tens digit of k?
9
Suppose 5*g - 7*g + 5 = 5*k, 2*g = -4*k + 2. Suppose -3*c + 4*q = 2*q - 780, k*q = c - 267. What is the units digit of c?
8
Let t = 30972 - 18047. What is the thousands digit of t?
2
Let v(m) be the third derivative of -m**7/210 - 37*m**6/720 - 7*m**5/12 - 41*m**2. Let o(p) be the third derivative of v(p). What is the units digit of o(-6)?
7
Let c(s) = 72 - 9*s + 34*s - 5. What is the units digit of c(7)?
2
Suppose -65 + 20 = -9*u. Suppose 5*r + u*v = 9*r - 717, 529 = 3*r + 5*v. What is the hundreds digit of r?
1
Let b be ((-384)/28)/(-4) + 9/(-21). Suppose b*k - 4635 = 1296. What is the tens digit of k?
7
Let t(o) be the first derivative of -o**3/3 - 13*o**2 - 14*o + 87. What is the tens digit of t(-25)?
1
Let o = -13806 + 21626. What is the units digit of o?
0
Let u = -203 - 49. Let p = u - 99. Let s = -188 - p. What is the tens digit of s?
6
Let z(x) = 5*x - 1. Let b(k) = 132*k + 4. Let p(m) = 2*b(m) - 10*z(m). What is the tens digit of p(4)?
7
Let k be 15/(-9)*3 - -940. Suppose -7*b + k = 11. What is the units digit of b?
2
Let i be ((-5)/(-5) + -11)*(-23 + 0). Let d = i - 151. What is the units digit of d?
9
Let v = -2292 - -23507. What is the tens digit of v?
1
What is the hundreds digit of (-29)/(((-16)/202)/8)?
9
Suppose 0 = -4*r + 5*w + 8095, 2*w + 2023 = 21*r - 20*r. What is the tens digit of r?
2
Suppose 106*n - 60*n - 2716576 = 0. What is the thousands digit of n?
9
Let t = 18 + 102. Let j be (-2)/5 + (-312)/t. What is the hundreds digit of 155 - (-4 - (j + 2))?
1
Let h(c) = -2*c**2 - 6*c - 13. Suppose -4*p - 6 - 14 = 0. Let j be h(p). Let n = 2 - j. What is the tens digit of n?
3
Suppose 11*q = -28*q + 156. Suppose -2*j = -f - 3838, -12*f - 7676 = -q*j - 15*f. What is the tens digit of j?
1
Let j(i) be the first derivative of -11*i**5/20 - i**4/4 + 19*i**3/3 + 25. Let n(q) be the third derivative of j(q). What is the units digit of n(-2)?
6
Let p(v) = v**2 - 6*v + 15. Let r be p(6). Let n be (35/r - 3)/(2/(-3)). What is the units digit of -5 + 2 - (-82)/n?
9
Let h = 651 - 391. Let j = h - -256. What is the hundreds digit of j?
5
Let c(y) = -25*y + 7. Let z be c(-4). Let t(s) = 8*s + 142. Let x be t(-15). Suppose -23*h + z = -x*h. What is the hundreds digit of h?
1
Suppose -4*v + d = -175720 + 54835, 120897 = 4*v + 3*d. What is the hundreds digit of v?
2
What is the hundreds digit of 30/(-75)*(-30425)/10?
2
Let n(t) = t + 3. Let h be n(2). Suppose 2*g = 2*m + 6, 3*m - 2*m + 35 = h*g. Suppose -233 - 335 = -g*d. What is the units digit of d?
1
Let u(j) = 191*j**2 + 358*j + 4276. What is the thousands digit of u(-12)?
7
Let v(i) = 8095*i + 2065. What is the ten thousands digit of v(6)?
5
Let r(v) = 20*v - 134. Let j(w) = 2*w + 8. Let p(q) = 4*j(q) - r(q). Suppose -o = o. What is the units digit of p(o)?
6
Suppose -5*f = 6*w - 2*w - 103, -55 = -2*f + 3*w. Let b(m) = -m**2 + 30*m + 42. What is the units digit of b(f)?
3
Let l(s) = 7*s**3 - 20*s**2 + 12*s + 26. What is the tens digit of l(10)?
4
Let t be 31 - 27 - 13*1. What is the hundreds digit of 6/t + 5472/27?
2
Suppose 4*l = s - 9858, 2*s - 23605 = -2*l - 3849. What is the units digit of s?
4
Suppose 667 - 4121 = 11*i. Let k = i - -825. What is the units digit of k?
1
Let u(c) = 3614*c**2 + 346*c + 692. What is the units digit of u(-2)?
6
Suppose -17820 = -3*v + 10398. What is the hundreds digit of v?
4
Suppose -3*b = -4*k - 4, -4*b + k + 1 = b. Suppose -2*f + b*f + 410 = 0. Let a = f + -75. What is the units digit of a?
0
Suppose -4*m + 2*s + 7519 = -8769, -m = 4*s - 4081. What is the tens digit of m?
7
Let u be ((-2)/(-3) - (1 + 0))*-33. Let a(b) be the second derivative of b**4/6 - 3*b**3 - 4*b**2 + 3*b. What is the tens digit of a(u)?
3
Suppose 3*f + 2*s - 26 = 0, 0 = 5*f - 4*s - 22 + 8. Suppose -3*d = -3*u + 18, -u + d = -2*u + f. Suppose 11*o - 670 = u*o. What is the units digit of o?
4
Let j(p) be the third derivative of -p**4/3 + p**3/3 + 71*p**2. Let f(u) = -u**3 + 7*u**2 + 6*u - 1. Let a be f(8). What is the hundreds digit of j(a)?
1
Let q = 41 + -36. Suppose 86 = l + 3*o - 280, -q*o + 1090 = 3*l. Suppose -12*m + l = -7*m. What is the tens digit of m?
7
Let n = 166 - 144. What is the tens digit of (478*1/2)/(22/n)?
3
What is the hundreds digit of 82/(-78) + 1 + (-1590120)/(-1755)?
9
Let p be 1 - 5/7 - 18/14. What is the hundreds digit of (-3)/p*(-58415)/(-105)?
6
Let s(i) = -1 + 25*i + 23*i - 38*i - 4. Let u be s(16). Let p = u + 1. What is the hundreds digit of p?
1
Suppose -3*o + 8 = -7*o - 4*s, 5*s + 26 = 3*o. Suppose -o*q = -6*q + 3272. What is the hundreds digit of q